factor of v and p?
20
Let w(m) = 18*m - 168. Let u be w(16). What is the highest common divisor of u and 36?
12
Suppose -2*n - 25 + 23 = 0, 2*i = -2*n + 216. Calculate the greatest common divisor of 3488 and i.
109
Let t be ((-12)/8 - -1)*-10. Suppose -20 = -t*f + 25. What is the greatest common factor of 27 and f?
9
Let q be (-2146)/(-18) + 10/(-45). Let z(t) = -2*t**2 - 38*t + 17. Let h be z(-19). What is the highest common divisor of q and h?
17
Suppose 0*m + 4 = 4*m. Let g be m/(-2) - (-370)/4. Calculate the greatest common divisor of g and 138.
46
Let a(s) = -35*s - 75. Let k be a(-5). What is the highest common factor of k and 2?
2
Suppose -u - 5*k = 4*u - 670, -u = 5*k - 130. Suppose 3*f + 33 = -12*n + 13*n, 0 = -5*f + 20. Calculate the greatest common factor of n and u.
45
Suppose -2*r + 488 = 2*r + 4*q, 3*q = 4*r - 460. Let y = 218 - r. Let b be (6/5)/(10/y). Calculate the greatest common divisor of b and 8.
4
Suppose -2 = -2*t + 3*t. Let i = t - 73. Let h = i + 125. What is the highest common factor of 20 and h?
10
Suppose 5*q = -x + 22, -2*x - 5*q + 65 = -2*q. What is the highest common factor of 592 and x?
37
Let i = 5 - 0. Let x(n) = -i + 2*n + 2*n - 7 - 1. Let v be x(9). What is the highest common factor of 253 and v?
23
Suppose 5*t + 14 - 107 = -2*w, -3*w = 3*t - 117. Let g = -509 + 560. What is the highest common factor of g and w?
17
Let s = -22 + 44. Suppose -v + s = v. Suppose v = 5*c - 3*c - 5*h, -c + 16 = h. Calculate the highest common divisor of 13 and c.
13
Let z be 8/100 + 696/50. Calculate the highest common divisor of z and 16.
2
Suppose -12*b = -11*b + 5*f - 223, 2*f = 3*b - 584. Calculate the highest common factor of 88 and b.
22
Suppose -5*d = 10, 9*v - 4*v = 5*d. Let t be (-2)/v - 0 - -12. Let k = -5407 - -5524. What is the highest common factor of k and t?
13
Let v(i) = i**3 - i - 2. Let r be v(2). Suppose 5*f = 2*t - 75 - 30, -r*t - 4*f = -168. Calculate the highest common divisor of t and 9.
9
Let m be (-378)/(-1701)*(46*1 - 1). Let q(r) = -3*r**3 - 2*r**2 - 3*r - 2. Let j be q(-3). Calculate the highest common divisor of m and j.
10
Let z = 294 - 287. Let o(g) = -g + 6. Let b be o(5). Calculate the highest common factor of z and b.
1
Suppose -111 = -18*j - 19*j. Let q = 0 + 2. Calculate the greatest common divisor of q and j.
1
Suppose -12*n + 9*n = -48. Suppose q + 0 = 16. Calculate the highest common factor of q and n.
16
Suppose -y = -2*k - 2*k + 17, -5*k - 4*y = -37. Suppose -m - k = -2. Let w be 45/3*(-9)/m. Calculate the greatest common divisor of 5 and w.
5
Suppose -425 - 187 = -2*v. Let m(b) = 4*b - 2. Let u be m(9). Calculate the greatest common divisor of u and v.
34
Let c(a) = 4*a + 33. Let o be c(-7). Let k(i) = 29*i - 25. Let z be k(o). What is the greatest common divisor of z and 24?
24
Let v be (21/2 - 9)/(2/4). What is the greatest common divisor of v and 24?
3
Let b = -319 + 531. Calculate the highest common divisor of b and 8.
4
Suppose -3 - 37 = -f. What is the highest common factor of f and 8?
8
Let w be 0/2*(-6)/12. Suppose -4*c + t = 6*t - 28, w = 2*c + 3*t - 16. What is the greatest common factor of c and 2?
2
Let z be (135/6)/(3/(-4)). Let s = 54 + z. What is the greatest common divisor of s and 12?
12
Suppose 6*v - 15*v + 342 = 0. Let u = 51 - v. What is the greatest common factor of 91 and u?
13
Suppose 111*i = 107*i + 184. What is the highest common divisor of 230 and i?
46
Let v = 1869 + -1858. Let j = 19 + -8. Calculate the highest common divisor of j and v.
11
Suppose -3*t + 5*l + 127 = 0, -2*t + 5*l = -3*t + 29. Let r = 6667 - 6615. Calculate the greatest common divisor of t and r.
13
Let d(s) = 293*s + 9. Let m be d(-3). Let z be 6/(-4)*m/9 - -2. What is the highest common divisor of 42 and z?
21
Suppose 9 = 3*j - g - 3, 5*j = 3*g + 16. What is the greatest common factor of j and 6?
1
Let b(s) = -8*s + 7. Let d be b(-2). Let w be d + 6/(-4)*(-3 + 5). Calculate the highest common factor of w and 80.
20
Suppose -3*u = 10*u - 143. What is the highest common factor of u and 2332?
11
Suppose -6*c + 2*c + 96 = 0. Let j(v) = v**3 - 7*v**2 - 3*v + 6. Let l be j(4). Let d = l - -78. Calculate the highest common divisor of c and d.
24
Let h be 288/(-27)*3/(-2). Let z(f) = f + 3. Let t be z(h). What is the greatest common factor of 19 and t?
19
Let j(a) = 11*a**2 + 45*a + 152. Let b be j(-4). What is the greatest common divisor of b and 111?
37
Let c(w) = 46*w - 3. Let u be c(1). Suppose 0 = 3*v - 11 - u. What is the greatest common divisor of v and 45?
9
Suppose 37*m - 1196 = 24*m. What is the greatest common divisor of 4 and m?
4
Suppose -n = 4*w - 25, -4*n = -4*w - w - 100. Let f = 73 - n. Calculate the greatest common factor of f and 8.
8
Let y(c) = -c**3 - c**2 - c. Let j be y(-1). Suppose 0 = n - 0*n - 12. Let u = 23 - n. What is the highest common divisor of u and j?
1
Suppose 0 = 41*t - 35*t - 90. Let s(q) = 2*q**3 - 8*q**2 + 4*q - 3. Let n be s(6). Calculate the highest common divisor of n and t.
15
Let r(y) = 4*y - 7. Let u be r(3). Suppose -3*c + 90 = -0*m - u*m, -2*c + 5*m + 65 = 0. What is the greatest common divisor of c and 1?
1
Let z(y) = y - 1. Let q(u) = 3*u - 21. Let v = 10 - 15. Let l(m) = v*z(m) + q(m). Let w be l(-11). Calculate the highest common factor of 30 and w.
6
Let g(c) = -c**2 - 2*c + 1108. Let h be g(0). Suppose 201 = 7*x - h. Calculate the highest common factor of x and 11.
11
Let i be 1 + (1 - (-6)/(-3)). Suppose 5*f - 31 + 11 = i. Suppose f*y - 36 = -0*y. What is the highest common divisor of y and 45?
9
Let u be (1 - 1) + 40/1. Let i(a) = a**3 - a**2 - a + 10. Let k = 87 + -87. Let p be i(k). Calculate the greatest common divisor of p and u.
10
Let y = 1831 - 1501. Calculate the highest common divisor of y and 30.
30
Let v = -885 - -913. What is the highest common divisor of 329 and v?
7
Suppose 3*l + 10 = h, 2*l + 3*l = 3*h - 22. Let d be (3 - 8/h)*-5. Let k = 13 + d. Calculate the greatest common factor of 8 and k.
8
Let g be 8 + (-39)/(-6) + (-1)/2. What is the greatest common divisor of 14 and g?
14
Let r = -66 + 73. What is the highest common factor of r and 511?
7
Let z = 6 + -4. Suppose 0 = -2*o - 19 + 27. What is the highest common divisor of o and z?
2
Let o be ((-9)/4)/((-12)/144). Let g(m) = 5*m - 3. Let d be g(2). Let l be o/(-63) - (-360)/d. Calculate the greatest common factor of l and 17.
17
Let u(w) = -7*w + 21. Let r be u(2). What is the highest common divisor of 1120 and r?
7
Let u = -28 + 78. Calculate the greatest common divisor of u and 550.
50
Let s be (-2)/11 - (-114)/22. Suppose -x + s*o = -66, -3*o = -3*x - 7*o + 255. Calculate the greatest common factor of x and 9.
9
Suppose -a - 5*v + 12 = 0, 48 = -0*a + 4*a + 3*v. Let u(m) = -m**3 + 12*m**2 + m + 8. Let s be u(a). Calculate the highest common factor of s and 160.
20
Suppose -699 - 1325 = -8*k. Calculate the highest common factor of 33 and k.
11
Let s be 296/2 - (-4)/(-3 - 1). Calculate the greatest common factor of 686 and s.
49
Let a(t) = 3*t**3 - 5*t**2 + t - 1. Let i be a(2). Suppose k = -5*u + 5, 4*u - u = -k + 1. Calculate the highest common factor of i and u.
1
Suppose c = -51 + 179. What is the highest common factor of c and 4?
4
Let s be (-485)/(-40) - 1/8. Suppose 0 = -s*j + 15*j + 24. Let w(g) = -g**3 - 6*g**2 - 6*g. Let m be w(j). What is the greatest common divisor of 16 and m?
16
Let w be 2 - (1 - 3) - 0. Suppose 5*f = 4*f + 4*c + 38, -w*f - c = -135. Calculate the greatest common divisor of 51 and f.
17
Let t be -2 + 37 + (-4 - -11). Calculate the greatest common divisor of 336 and t.
42
Let t = 683 - 634. What is the greatest common factor of 35 and t?
7
Let m be 2045/9 + 8/(-36). Let p = m + 26. Calculate the greatest common divisor of 23 and p.
23
Let y be (-30)/9*-1*27. Let h be ((-50)/4 - 1)/(48/(-64)). What is the greatest common factor of h and y?
18
Let y(d) = 19*d + 129. Let v be y(-6). Calculate the highest common factor of 240 and v.
15
Let q = 707 + -612. Calculate the highest common factor of 38 and q.
19
Let s = 165 - 162. Suppose -6*m + s*m = -144. What is the greatest common divisor of m and 112?
16
Let j = 11 - -6. Let s be 4/(-16) + 15/(-4). Let h be 50 - ((-25)/5 - s). Calculate the greatest common factor of h and j.
17
Let p = 8 + 9. Sup